{"id":16,"date":"2020-05-26T07:33:08","date_gmt":"2020-05-26T07:33:08","guid":{"rendered":"http:\/\/wp.reptilienb\u00f6rsen-ost.de\/?page_id=16"},"modified":"2026-01-02T11:41:15","modified_gmt":"2026-01-02T11:41:15","slug":"startseite","status":"publish","type":"page","link":"https:\/\/reptilienboersen-ost.de\/","title":{"rendered":"Startseite"},"content":{"rendered":"\n<p>Herzlich Willkommen!<\/p>\n\n\n\n<p>Wir veranstalten Reptilienb\u00f6rsen in Schm\u00f6lln und in Erfurt.<\/p>\n\n\n\n<p>In Schm\u00f6lln finden die n\u00e4chsten Reptilienb\u00f6rsen am 01.03.2026 und 18.10.2026 statt.<\/p>\n\n\n\n<p>Die n\u00e4chsten Reptilienb\u00f6rsen in Erfurt finden am 25.04.2026 und 14.11.2026 statt.<\/p>\n\n\n\n<p><strong>Die Reptilienb\u00f6rsen in Erfurt finden wieder in folgender Halle statt:<br><br>Zughafen Kulturbahnhof<br>Zum G\u00fcterbahnhof 20 &#8211; Halle 6<br>99085 Erfurt<\/strong><\/p>\n\n\n\n<p><\/p>\n\n\n\n<div class=\"wp-block-columns is-layout-flex wp-container-core-columns-is-layout-9d6595d7 wp-block-columns-is-layout-flex\">\n<div class=\"wp-block-column is-vertically-aligned-top is-layout-flow wp-block-column-is-layout-flow\" style=\"flex-basis:33.33%\">\n<figure class=\"wp-block-image size-<figure class=\"wp-block-image size-large\"><img decoding=\"async\" src=\"http:\/\/reptilienboersen-ost.de\/wp-content\/uploads\/2026\/01\/Flyer_Reptilienboerse_Schmoelln_01032026.jpg\" alt=\"Flyer Schm\u00f6lln\" class=\"wp-image-24\"><\/figure>\n\n\n\n<hr class=\"wp-block-separator has-text-color has-secondary-color has-css-opacity has-secondary-background-color has-background is-style-wide\"\/>\n\n\n\n<figure class=\"wp-block-image size-large\"><img decoding=\"async\" src=\"http:\/\/reptilienboersen-ost.de\/wp-content\/uploads\/2026\/01\/Flyer_Reptilienboerse_Schmoelln_18102026.jpg\" alt=\"Flyer Schm\u00f6lln\" class=\"wp-image-24\"><\/figure>\n<\/div>\n\n\n\n<div class=\"wp-block-column is-layout-flow wp-block-column-is-layout-flow\" style=\"flex-basis:33.3%\">\n<figure class=\"wp-block-image size-<figure class=\"wp-block-image size-large\"><img decoding=\"async\" src=\"http:\/\/reptilienboersen-ost.de\/wp-content\/uploads\/2026\/01\/Flyer_Reptilienboerse_Erfurt_25042026.jpg\" alt=\"Flyer Erfurt\" class=\"wp-image-24\"><\/figure>\n\n\n\n<hr class=\"wp-block-separator has-text-color has-secondary-color has-css-opacity has-secondary-background-color has-background is-style-wide\"\/>\n\n\n\n<figure class=\"wp-block-image size-large\"><img decoding=\"async\" src=\"http:\/\/reptilienboersen-ost.de\/wp-content\/uploads\/2026\/01\/Flyer_Reptilienboerse_Erfurt_14112026.jpg\" alt=\"Flyer Erfurt\" class=\"wp-image-24\"><\/figure>\n<\/div>\n\n\n\n<div class=\"wp-block-column is-vertically-aligned-top is-layout-flow wp-block-column-is-layout-flow\" style=\"flex-basis:33.33%\">\n<p><\/p>\n\n\n\n<p><\/p>\n\n\n\n<hr class=\"wp-block-separator has-text-color has-secondary-color has-css-opacity has-secondary-background-color has-background is-style-wide\"\/>\n\n\n\n<p>Bitte beachten Sie, dass auf unseren B\u00f6rsen ein striktes Verbot von Foto-, Film- und Tonaufzeichnungen gilt.<\/p>\n\n\n\n<p>Einen Fernsehbericht von der B\u00f6rse in Chemnitz finden Sie hier: <strong><a href=\"https:\/\/www.facebook.com\/erztv\/videos\/1930977270563972\/\" target=\"_blank\" rel=\"noreferrer noopener\">Video bei ERZTV auf Facebook<\/a><\/strong> oder <strong><a href=\"http:\/\/www.kabeljournal.de\/?id=nachrichten_kj&amp;nid=88529&amp;nachrichten_portal=KJ-Online&amp;region=alle&amp;single=1\" target=\"_blank\" rel=\"noreferrer noopener\">Video bei KabelJournal.de<\/a><\/strong><\/p>\n\n\n\n<p>Mit freundlichen Gr\u00fc\u00dfen<br>Alexander Flo\u00df<\/p>\n\n\n\n<hr class=\"wp-block-separator has-text-color has-secondary-color has-css-opacity has-secondary-background-color has-background is-style-wide\"\/>\n<\/div>\n<\/div>\n\n\n\n<div class=\"wp-block-columns is-layout-flex wp-container-core-columns-is-layout-9d6595d7 wp-block-columns-is-layout-flex\">\n<div class=\"wp-block-column is-layout-flow wp-block-column-is-layout-flow\">\n<figure class=\"wp-block-image size-large\"><a href=\"http:\/\/messen.de\" target=\"_blank\" rel=\" noreferrer noopener\"><img loading=\"lazy\" decoding=\"async\" width=\"1024\" height=\"133\" src=\"https:\/\/reptilienboersen-ost.de\/wp-content\/uploads\/2025\/01\/Messen-de-Logo-BG-neutral-1024x133.png\" alt=\"\" class=\"wp-image-492\" srcset=\"https:\/\/reptilienboersen-ost.de\/wp-content\/uploads\/2025\/01\/Messen-de-Logo-BG-neutral-1024x133.png 1024w, https:\/\/reptilienboersen-ost.de\/wp-content\/uploads\/2025\/01\/Messen-de-Logo-BG-neutral-300x39.png 300w, https:\/\/reptilienboersen-ost.de\/wp-content\/uploads\/2025\/01\/Messen-de-Logo-BG-neutral-768x99.png 768w, https:\/\/reptilienboersen-ost.de\/wp-content\/uploads\/2025\/01\/Messen-de-Logo-BG-neutral-1536x199.png 1536w, https:\/\/reptilienboersen-ost.de\/wp-content\/uploads\/2025\/01\/Messen-de-Logo-BG-neutral-2048x265.png 2048w, https:\/\/reptilienboersen-ost.de\/wp-content\/uploads\/2025\/01\/Messen-de-Logo-BG-neutral-1600x207.png 1600w\" sizes=\"auto, (max-width: 1024px) 100vw, 1024px\" \/><\/a><\/figure>\n\n\n\n<p>Wir sind Premium-Mitglied bei <a href=\"http:\/\/Messen.de\" data-type=\"link\" data-id=\"Messen.de\" target=\"_blank\" rel=\"noreferrer noopener\">Messen.de<\/a><\/p>\n<\/div>\n\n\n\n<div class=\"wp-block-column is-layout-flow wp-block-column-is-layout-flow\"><\/div>\n<\/div>\n\n\n\n<div class=\"wp-block-columns is-layout-flex wp-container-core-columns-is-layout-9d6595d7 wp-block-columns-is-layout-flex\">\n<div class=\"wp-block-column is-layout-flow wp-block-column-is-layout-flow\">\n<figure class=\"wp-block-image size-full\"><img loading=\"lazy\" decoding=\"async\" width=\"200\" height=\"47\" src=\"https:\/\/reptilienboersen-ost.de\/wp-content\/uploads\/2024\/01\/messen-info.jpeg\" alt=\"\" class=\"wp-image-374\"\/><\/figure>\n\n\n\n<p><a href=\"https:\/\/www.messeninfo.de\" target=\"_blank\" rel=\"noreferrer noopener\">Messeninfo.de<\/a><\/p>\n<\/div>\n\n\n\n<div class=\"wp-block-column is-layout-flow wp-block-column-is-layout-flow\"><\/div>\n<\/div>\n\n\n\n<div class=\"wp-block-columns is-layout-flex wp-container-core-columns-is-layout-9d6595d7 wp-block-columns-is-layout-flex\">\n<div class=\"wp-block-column is-layout-flow wp-block-column-is-layout-flow\"><\/div>\n\n\n\n<div class=\"wp-block-column is-layout-flow wp-block-column-is-layout-flow\"><\/div>\n<\/div>\n","protected":false},"excerpt":{"rendered":"<p>Herzlich Willkommen! Wir veranstalten Reptilienb\u00f6rsen in Schm\u00f6lln und in Erfurt. In Schm\u00f6lln finden die n\u00e4chsten Reptilienb\u00f6rsen am 01.03.2026 und 18.10.2026&hellip;<\/p>\n","protected":false},"author":1,"featured_media":0,"parent":0,"menu_order":0,"comment_status":"closed","ping_status":"closed","template":"","meta":{"footnotes":""},"class_list":["post-16","page","type-page","status-publish","hentry"],"_links":{"self":[{"href":"https:\/\/reptilienboersen-ost.de\/index.php?rest_route=\/wp\/v2\/pages\/16","targetHints":{"allow":["GET"]}}],"collection":[{"href":"https:\/\/reptilienboersen-ost.de\/index.php?rest_route=\/wp\/v2\/pages"}],"about":[{"href":"https:\/\/reptilienboersen-ost.de\/index.php?rest_route=\/wp\/v2\/types\/page"}],"author":[{"embeddable":true,"href":"https:\/\/reptilienboersen-ost.de\/index.php?rest_route=\/wp\/v2\/users\/1"}],"replies":[{"embeddable":true,"href":"https:\/\/reptilienboersen-ost.de\/index.php?rest_route=%2Fwp%2Fv2%2Fcomments&post=16"}],"version-history":[{"count":87,"href":"https:\/\/reptilienboersen-ost.de\/index.php?rest_route=\/wp\/v2\/pages\/16\/revisions"}],"predecessor-version":[{"id":543,"href":"https:\/\/reptilienboersen-ost.de\/index.php?rest_route=\/wp\/v2\/pages\/16\/revisions\/543"}],"wp:attachment":[{"href":"https:\/\/reptilienboersen-ost.de\/index.php?rest_route=%2Fwp%2Fv2%2Fmedia&parent=16"}],"curies":[{"name":"wp","href":"https:\/\/api.w.org\/{rel}","templated":true}]}}